g = -4 - -3. Let h be g/(-2) - (-3)/6. What is the units digit of (-2)/(h/(-4)*2)?
4
Let n(f) = -2*f**2. Let v be n(1). Let o be (27/6 + v)*2. What is the units digit of 20/o*9/2?
8
Let y = -10 + 10. Let d be (16/(-10))/(2/(-10)). Suppose y = -3*h + h + d. What is the units digit of h?
4
What is the tens digit of (26 - (-3 + 6))*1?
2
Suppose o - 44 - 36 = u, -296 = -4*o - 4*u. What is the units digit of o?
7
Suppose -14*h = -17*h + 129. What is the tens digit of h?
4
What is the units digit of -2*(-2 - (1 - -1))?
8
Suppose 3*c + 2*c = 85. Let x = c + -12. What is the units digit of x?
5
Let u(k) = k**3 - 10*k**2 - 2*k - 22. What is the tens digit of u(11)?
7
What is the units digit of (-2)/(((-9)/21)/((-3)/(-2)))?
7
Let o(d) = d**3 + 9*d**2 + 2*d + 20. Let w be o(-9). Suppose 5*n - 158 = -y, 0 = y + w*y + 6. What is the tens digit of n?
3
Let d be 3 + -2 + 1 + 0. Suppose 2*m = d*a - a + 8, 3*a = -4*m - 14. What is the units digit of (-34)/a + 2/6?
6
Let o(v) = 58*v**2 + 2*v. What is the units digit of o(-1)?
6
Let c be (1/(-2))/(2/(-24)). Suppose -5*o = 2*f + c, -2*f - 10 = -4. Let u(d) = d**3 + d**2 + 8. What is the units digit of u(o)?
8
Let v be (-2)/(-3) + (-40)/(-12). Let p = 14 + v. What is the tens digit of p?
1
Let p = -298 + 489. What is the tens digit of p?
9
Let k(g) = -g**2 - 8*g - 5. Suppose 2*s + 2*w + 26 = 0, 2*w - 1 = w. Let t = s - -9. What is the units digit of k(t)?
0
What is the units digit of (23 - 11) + 0 + (-2)/(-2)?
3
Suppose 0 = 2*x - t + 93 - 15, 5*x + 192 = t. What is the units digit of (-2)/(-3) + x/(-6)?
7
What is the units digit of -1*-3*(-10)/(-6)?
5
Suppose -5*k - b + 146 = 0, 0*b + 112 = 4*k - 4*b. What is the units digit of k?
9
Suppose r - 90 = -2*r. What is the units digit of r?
0
Let j be 1/1 - -1*3. Suppose j*b + 3*w - 27 = 0, 5*b - 38 + 9 = w. What is the units digit of b?
6
Suppose 11 = -3*d + 4*d. Let i be -4*(2 + 5/(-2)). Suppose i*f - d = f. What is the tens digit of f?
1
Suppose -16*x + 1112 = -8*x. What is the tens digit of x?
3
Let z(m) = 7*m + 26. Let u(w) = 20*w + 77. Let i(a) = 6*u(a) - 17*z(a). What is the units digit of i(0)?
0
Let h = 1 + -1. Suppose 3*t + 0 + 9 = h. What is the units digit of t/4*(-2 - 2)?
3
Let z(c) = 3*c + 2 - 2*c - 2*c. Let t be z(2). Let l = 3 + t. What is the units digit of l?
3
Let c = 1 - 4. Let s be c*(-16)/3 - -1. Let y = s - 10. What is the units digit of y?
7
Let j(h) = h**3 + 3*h**2 - 4*h + 5. Let w be j(-4). Let t be 1/(-1 - 12/(-9)). Suppose -t*m - 32 = -w*m. What is the units digit of m?
6
Let u(k) be the first derivative of -k**4/4 + 3*k**3 + k**2 - 4*k + 1. Suppose -5*r = -29 - 16. What is the tens digit of u(r)?
1
Let m = -100 + 151. Let l = -1 - -52. Suppose 3*b = 5*k + l, -b = 3*b - k - m. What is the units digit of b?
2
Let h(p) = p**2 + 9*p - 6. Let n be h(-10). Let x = n - -4. Suppose 23 = 5*c + x. What is the units digit of c?
3
Suppose -4*v - 12 = 12. Let n = v - -10. What is the units digit of n?
4
Let v(u) = 12*u**2 - 11*u + 32. What is the tens digit of v(3)?
0
Let y be 0/(-1 - (-1 - -2)). Suppose -5*q - 6 = -2*s - y, -q = 4*s + 10. Let a = 4 + q. What is the units digit of a?
2
What is the units digit of 3/(-2)*(-1)/(-6)*-4?
1
Suppose 5*q - 2*q = 45. Suppose 3*n - 113 + q = -5*s, s + 3*n - 10 = 0. Suppose i + 4*y - s = 0, -4*i + 6*y + 46 = y. What is the units digit of i?
4
Let d be 3/1 + (-16)/(-4). Suppose d*z - 170 = 2*z. Let w = -18 + z. What is the tens digit of w?
1
Let f(l) = l**3 + l**2 - 2*l + 1. Let x(c) = 3*c + 12. Let j(m) = 4*m + 18. Let g(t) = 5*j(t) - 7*x(t). Let o be g(5). What is the units digit of f(o)?
1
Let u(l) = 31*l**2 + 2*l + 1. What is the tens digit of u(-1)?
3
Let m = -54 - -89. What is the tens digit of m?
3
Suppose 0*i = i + 12. Let x = 0 - i. Suppose 4*l = l + x. What is the units digit of l?
4
Suppose -t = -4*t. Let r(a) = a**2 + a + 4. What is the units digit of r(t)?
4
Let o(j) = -j + 4. Let d(k) = -k - 6. Let t(c) = -1. Let b(i) = -d(i) + 3*t(i). Let a be b(0). What is the units digit of o(a)?
1
Suppose 0*c - 4*m = c, 5*m = -5*c + 15. Let r be (-10 - 0) + 1 + 1. What is the tens digit of 70/c - r/(-16)?
1
Let v(t) = -2*t - 4. Let j be v(7). Let k = j - -29. What is the units digit of k?
1
What is the tens digit of 1 + (-2)/3 + 248/3?
8
Let c(q) = q**2 + q. Let y(t) = -t**3 + 8*t**2 + 9*t - 6. Let p(l) = c(l) - y(l). Let z be p(8). Suppose 8*m = z*m + 4. What is the units digit of m?
2
Let d = 13 + -3. Let c = d + 16. What is the units digit of c?
6
Let o(k) = k**2 - 6*k - 13. What is the units digit of o(8)?
3
Let j(m) = -m + 2. Let r(p) = -45*p. Let v be r(1). Let u be v/(-6)*(-2)/3. What is the units digit of j(u)?
7
Suppose o = -0*o + 2*p + 11, 5*o = p + 73. Suppose 2*s = o + 19. What is the tens digit of s?
1
Let a be -3*4/(-12)*7. What is the tens digit of 0 - a/((-21)/114)?
3
Suppose p = -4*p + 1540. What is the tens digit of p?
0
Suppose -3*v = -4*s - 2 - 8, 11 = -s + 5*v. Let b(u) be the first derivative of 3*u**3 - u**2/2 + 23. What is the units digit of b(s)?
0
Suppose -44*m + 51*m = 2142. What is the units digit of m?
6
What is the tens digit of (6/(-6))/(2/(-52))?
2
Let v(m) = -75*m**3 - 3*m**2 - 3*m - 1. What is the tens digit of v(-1)?
7
Let x(n) = -n**2 - 7*n - 3. Let g be x(-7). Let d(p) = 2*p**2 - 3. What is the units digit of d(g)?
5
Let n(m) = -m - 4. Let t be n(-7). Suppose 4*p - t*b - 3 - 8 = 0, 0 = -b - 1. Suppose -12 + p = -y. What is the units digit of y?
0
What is the units digit of (-8)/4 + -2 - -15?
1
Suppose 4*t - 2*z = 326, -5*t - 5*z = -359 - 86. What is the tens digit of t?
8
Suppose c + 2*c = 96. What is the tens digit of c?
3
What is the units digit of -71*2/(0 + -2)?
1
Let u be (3/2)/((-2)/4). What is the units digit of (-1)/u - 1520/(-30)?
1
Suppose -5*j - 2 = 3. Let i = -6 + j. Let h = i + 13. What is the units digit of h?
6
Let m(y) = y**3 - 10*y**2 - y + 13. Let k be m(10). Suppose -2*c + 26 = -2*l, 2*c - k*c + 33 = -5*l. What is the units digit of c?
8
Suppose -10*y + 38 = -222. What is the units digit of y?
6
Let q(t) be the second derivative of -t**5/20 + t**4/4 + 2*t**3/3 + 5*t**2/2 - t. Let f be q(4). Let b = 4 + f. What is the units digit of b?
9
Let c = -26 - -39. Suppose r + u = 4*u + c, 0 = 2*r + u - 12. What is the units digit of r?
7
Let y be 1/(-2)*(16 + -6). Let v(x) = -x**3 - 6*x**2 - 8*x - 5. What is the tens digit of v(y)?
1
Suppose 2*g + m = -m + 14, 0 = -2*g + m + 11. Let d(s) = -2 - 4*s**3 - 7*s + 3*s + 3*s**3 + g*s**2. What is the units digit of d(5)?
3
Let t be 0 + -2 + 6/2. What is the tens digit of (-12)/18*(-40 + t)?
2
What is the units digit of 0 + 1/(-1) + 2?
1
Let s = 4 + -4. Let z be (s + -1)/(1/(-2)). Suppose -z*y - 2*y = -28. What is the units digit of y?
7
Let q = -6 + 9. What is the units digit of 4/(-6) - (-26)/q?
8
What is the units digit of (384/(-3))/(5/(-10))?
6
Suppose 3*j + 5*z = 104, -8 = 6*z - 2*z. What is the units digit of j?
8
Let v(a) = -a**3 - a**2 + 3*a - 4. Let t(n) = -n + 2. Let s be t(5). What is the units digit of v(s)?
5
Let i(j) = -5*j - 36. What is the tens digit of i(-13)?
2
Let g(u) = u**3 - 7*u**2 + u - 2. Let k be 2 - ((-3)/1 - 2). What is the units digit of g(k)?
5
Let l(d) = -d**2 + 5 + 5*d - 3 + 0*d. Let m(w) = 4*w - 3. Let q be m(2). What is the units digit of l(q)?
2
Suppose 6*b - 45 = 3*b. Let r = b + 0. What is the tens digit of r?
1
Suppose -2*v + r + 6 = -0*r, 2*r = 0. Let o = 14 + -9. Suppose -v*u + 11 = -o*l, 8 = 2*u - 3*l - 0*l. What is the units digit of u?
7
Suppose -2*c + 4*m + 2 - 6 = 0, -4*c + 4*m = 0. Let y = -2 + c. Suppose 0 = 4*s + d - 25, y = -0*d + 3*d - 15. What is the units digit of s?
5
Suppose -4 - 41 = -5*c - 2*i, c = -2*i + 17. Suppose 0 = -2*m + c*m - 50. What is the tens digit of m?
1
Let d(h) = h**3 - 6*h**2 + h. What is the units digit of d(7)?
6
Suppose 6*b = 17*b - 737. What is the tens digit of b?
6
What is the units digit of 30 + 0 + (4 - 6)?
8
Let o(s) = 63*s - 3. Let q be o(1). Let l = -29 + q. What is the tens digit of l?
3
Suppose 5*b = -6*p + 4*p + 533, -4*p = 2*b - 226. What is the hundreds digit of b?
1
Let p(v) = 2*v + 4. Let z be p(5). Suppose 0*a - z = -2*a. What is the units digit of a?
7
Let h(f) = -f**3 + 9*f**2 + 11*f - 2. What is the units digit of h(10)?
8
Let i